).
5, 7
Let j = -40 + 65. Suppose 0 = 4*l - 7 - j. List the prime factors of l.
2
Suppose g - 5*g = -2*l + 4, -3*g = -3*l + 9. Let a be (6/4)/(g/(-14)). Let k = -13 - a. List the prime factors of k.
2
Suppose -9 = -t - 31. Let r = t + 53. What are the prime factors of r?
31
Let w(h) be the third derivative of h**5/60 - h**4/24 + 3*h**2. List the prime factors of w(4).
2, 3
Let c be 16/(-6) + 2/3. Let g(v) = -2 + 7*v**2 - 2*v**2 - v**2 - v**2 + v**3 - v. What are the prime factors of g(c)?
2
List the prime factors of (0 + 48 - -4) + -3.
7
Suppose 2 = h + 2*i + 9, 5*h - 4*i + 7 = 0. Let f(c) be the first derivative of -c**3/3 - 3*c**2/2 + 2*c - 3. What are the prime factors of f(h)?
2
Let a(w) = -w**3 + w**2 + 4*w - 1. Let m be a(3). Let k(l) = l**3 + 7*l**2 - 5*l - 5. What are the prime factors of k(m)?
2, 3, 5
Let w = 237 - 125. What are the prime factors of w?
2, 7
Let j be ((-3)/2)/((-6)/8). Suppose -10 = 2*p, 3 = -t - 4*p - j. Suppose -3*k + t = -0*k. What are the prime factors of k?
5
Suppose -8*j = -3*j - 75. Suppose 4*i = -5*v - 10, -4*v + i = -9*v + 5. Suppose -v*g + j = -g. List the prime factors of g.
3, 5
Let s be (-1)/(3/(-3)) + 19. Suppose -4*x + s = x. Suppose x*j + 3*b - 41 = 0, 5*b = -j + 2*j + 7. What are the prime factors of j?
2
Suppose -m + 5 = -0. Suppose -a - m = -4*n + 12, -2*n - 5*a = 19. What are the prime factors of n?
3
Let i be 8/(-6)*(-3)/2. Suppose 0*u = i*u. Suppose u*x - 5*x + 45 = 0. List the prime factors of x.
3
Suppose 0 = 5*d - 3*j - 301, -142 = -2*d + 4*j - 30. List the prime factors of d.
2, 31
Suppose 14 + 11 = 5*o. List the prime factors of o.
5
Suppose 3*d = 4*d - 28. Suppose 2*n = 4*n - d. What are the prime factors of n?
2, 7
Let d = -63 - -29. What are the prime factors of (-2)/3 - d/6?
5
Suppose 3*j + 2 = -1. Let r be (6*j)/(-2) - 1. Suppose r*c = 7 + 15. List the prime factors of c.
11
Let h(x) = -12*x + 4. What are the prime factors of h(-3)?
2, 5
Suppose 3 = h - 11. List the prime factors of h.
2, 7
Suppose -4*n + 30 = -n. Let a = -5 + n. Suppose 3*o = a*o - 14. List the prime factors of o.
7
Let n = 28 - 49. What are the prime factors of 6/(n/(-6) - 3)?
2, 3
Let c(d) = 2*d**2 + 3*d + 2*d**2 - d + 0*d + 1. Let f be c(-1). Suppose 5*o = -t - 8, 5*o = f*t - t - 29. List the prime factors of t.
7
Suppose -3*x + 14 = -25. What are the prime factors of x?
13
Let u(p) = p**2 + 21*p + 26. List the prime factors of u(-25).
2, 3, 7
Let c(l) = 2 - l**3 - 2*l - 3*l + 4*l - l**2. Let d be c(0). Suppose d*b - 12 = -4. List the prime factors of b.
2
Suppose -16 + 0 = -4*b. Suppose b*p - 15 + 3 = 0. Suppose -p*f - 3 = -4*g + 5, 0 = -g + 3*f + 2. What are the prime factors of g?
2
Let w be 0 + -2 + (1 - -4). Suppose 0 = -4*a + 3*y + 41, -2*a - w*y = -0*y - 25. List the prime factors of (-2)/(0 - 2)*a.
11
Let y = 33 - -16. List the prime factors of y.
7
What are the prime factors of (-2060)/(-15) + (-4)/12?
137
List the prime factors of (-69)/(-2 - (-1)/1).
3, 23
Suppose -3*a + 5*a = 126. What are the prime factors of a?
3, 7
Suppose -4*n + 21 = -n. Suppose 3*k + 61 = 4*y, -2*k + 28 = y - n*k. List the prime factors of y.
13
Suppose 0 = 7*y - 4*y - 135. What are the prime factors of y?
3, 5
Suppose 4*x = 5*x - 22. Let t = 31 - x. Suppose 3*q = 3*k + t, q - 2*k = 2*k. List the prime factors of q.
2
Let w = -128 - -183. What are the prime factors of w?
5, 11
List the prime factors of (-2)/((6/33)/(-1)).
11
Let r(c) = c**2 + 8*c + 7. Let s be r(-10). Let n = -25 + s. What are the prime factors of n?
2
Suppose 0 = 2*l - 0*l - 40. What are the prime factors of l?
2, 5
Let p(o) be the second derivative of -o**6/360 + o**5/15 - 5*o**4/24 - o**3/3 + 2*o. Let m(t) be the second derivative of p(t). List the prime factors of m(6).
7
Let m(v) = -v**2 + 14*v - 9. List the prime factors of m(10).
31
Let k be 4/2 - (2 + -2). Suppose -k*r = -r. Suppose -60 = -5*d - r*d. What are the prime factors of d?
2, 3
List the prime factors of (63/2)/(3/12).
2, 3, 7
Let u(g) = -8*g - 14. What are the prime factors of u(-6)?
2, 17
Let d = 25 + -3. Let u = d - 11. What are the prime factors of u?
11
Suppose -p + 10 = p, -2*p = -5*v. Let n be 16/3 + (-1)/3. Suppose -10 = -5*h, -v*h - 23 - n = -4*q. List the prime factors of q.
2
Suppose 0*c = 2*c. Suppose 49 = 4*f - c*h + h, 5*f = 2*h + 58. Suppose 2*k - f = -k. What are the prime factors of k?
2
Suppose -13 = -4*q + 7. Suppose -3 = -2*a - 2*d + q, a + 5*d - 12 = 0. List the prime factors of 3/a - 2/(-4).
2
Suppose 4*q = -42 + 234. What are the prime factors of q?
2, 3
List the prime factors of (8/5)/(4/170).
2, 17
Suppose -3*m - m + i = -1775, 4*i = -3*m + 1336. List the prime factors of m.
2, 3, 37
Let u(n) = n**2 - 3*n - 1. Suppose -45 = -5*x - 2*w - 0*w, -27 = -x - 4*w. Let g be u(x). Suppose -2*m = m - g. What are the prime factors of m?
3
Let p(b) = 2*b**2 - 1. Suppose -f + 0*f + 6 = 0. Suppose -4*l = -3*g + f, -5*l + 4*g - 4 = 3. List the prime factors of p(l).
17
Let c be 3/(-2 + (-70)/(-34)). Suppose 14 - c = -t. What are the prime factors of t?
37
Suppose 588 = -0*h + 6*h. What are the prime factors of h?
2, 7
Let q(r) = 18*r - r**2 - 6 + 0*r**2 - 13. What are the prime factors of q(14)?
37
Let z(d) = -d**3 + 6*d**2 - 3*d - 7. Let y be z(5). Suppose -2*r - y*a = -6*r + 61, 15 = -5*a. List the prime factors of r.
13
Suppose 3*j - 5*w + 15 = 0, 5*w - 15 = j + 4*j. Suppose j*a = -2*a. Suppose 4*y = 4*h - 60, 2*h + 3*y - 7 - 8 = a. List the prime factors of h.
2, 3
Let f be (-140)/(-30)*-3*2. Let s = -2 - f. What are the prime factors of s?
2, 13
Let t be (-9)/15 + 4/(-10). Let s = -27 - -43. What are the prime factors of t/4 + 36/s?
2
Let d be ((-10)/6)/(2/(-18)). Suppose -3*u + d = 5*f, 0*u - 20 = -4*u + 4*f. Let n = u - -3. What are the prime factors of n?
2
List the prime factors of 2 - (-4 + (-2 - -2)).
2, 3
Let n(u) = 2*u - 8. Let i be n(5). Suppose 3*q - 43 - i = -4*d, 4*q = 5*d + 29. What are the prime factors of q?
11
Let j(d) = 15*d**2 + 3*d - 2. Let h be j(2). Let a = h + 4. List the prime factors of 2/(-8) - a/(-16).
2
Let x be -3 - -2 - (12 + -5). Let i = 17 + x. What are the prime factors of i?
3
List the prime factors of 3/(6/(-4)) + 53 + 1.
2, 13
Suppose -h + 5 = -6*h. Let b be 12 + 2 + -4 - h. Let n = 23 - b. What are the prime factors of n?
2, 3
Suppose -4*a + 5 = 1. Suppose -5*u = f + 3 - a, u - 11 = -4*f. What are the prime factors of f?
3
Suppose 0 = -6*c + c + 220. List the prime factors of c.
2, 11
Suppose 11 + 9 = -4*x. What are the prime factors of (-14)/(3/(x + -1))?
2, 7
Suppose r = -0*r + 79. Suppose -3*s + 50 = -5*c, -1 = 5*s - 3*c - r. What are the prime factors of s?
3, 5
List the prime factors of (-1 - 97/4)/(1/(-4)).
101
Let a(r) = r**2 - r + 41. List the prime factors of a(-18).
383
Let x(z) = 8*z**2 - 2*z + 1. Suppose -3*a + 4*u = 2*a - 17, 4*a = 4*u + 16. What are the prime factors of x(a)?
7
Let u = 16 + -11. Suppose 0 = u*t + 45 - 240. What are the prime factors of t?
3, 13
Let p(m) = m + 14. Let h be p(-6). Suppose -2*b + h = -0*b. List the prime factors of b.
2
Let o(b) = b**3 - 4*b**2 + b - 2. Let w be o(4). Suppose w*q - 7*q - 40 = 0. List the prime factors of 14/q*(-6 + -2).
2, 7
Suppose -25 = -5*y + 2*g + 2*g, -20 = -4*y + 5*g. Suppose -m + 6*m + 2*c + 90 = 0, -2*m - 7 = -y*c. Let v = -10 - m. What are the prime factors of v?
2, 3
Let w = 6 - 3. What are the prime factors of w?
3
Let f(t) = 4*t**3 - 3*t**2 + 2*t - 1. Let i be f(2). Suppose 4*j + 7 = i. Suppose d = j*q - 39, -4*q + 38 + 6 = 4*d. List the prime factors of q.
2, 5
Let h(f) be the third derivative of -f**6/120 + f**5/15 + 5*f**4/24 + f**3/6 - 2*f**2. Let u be h(5). What are the prime factors of ((-1)/(-2))/u*22?
11
Let q = -69 - -121. List the prime factors of q.
2, 13
Let s(o) = o - 1. Let r be s(4). Suppose r*a + 1 = 2*m - 32, 0 = 2*a + 5*m + 41. Let w = 20 + a. What are the prime factors of w?
7
What are the prime factors of (0 + 1 + -2)*-25?
5
List the prime factors of (-4)/(-12) + 76/6.
13
Let z(d) = 2*d**3 - 2*d**2 - 4*d. What are the prime factors of z(3)?
2, 3
Suppose 0 = 5*v - 23 - 12. Suppose -2 - v = -3*c. What are the prime factors of c?
3
Let y(i) = -i**2 + 5*i + 3. Let h be y(4). Let q = -5 + h. List the prime factors of q.
2
Suppose 0 = -d + 4*x + 8, 4 = -2*d -